*p - 22. Let q(w) = -w - 2. Let i be q(-10). Let m = s + i. What is the units digit of m?
2
Let h(p) = -12*p**2 + 11*p - 13. Let g(q) = -6*q**2 + 5*q - 6. Let t(d) = -9*g(d) + 4*h(d). What is the tens digit of t(2)?
2
Let a be 54/2*10/(-15). Let l = 14 - 10. What is the units digit of l/a - 76/(-18)?
4
Let z = -50 + 110. Suppose p = 4*p - z. What is the tens digit of p?
2
Let x be (-6)/27 - 357/(-27). Let n = -18 + x. Let a = 12 + n. What is the units digit of a?
7
Let z(d) = 3*d - 5. Let f be z(7). What is the units digit of (-1)/(f/(-15) + 1)?
5
Suppose 28 = 4*k + 4*i, k = i - 5*i + 4. Suppose 4*x - 10 = -3*b, -x = -b - b - k. Suppose -3*z + 2*z + 11 = 5*w, -x*w = -3*z - 5. What is the units digit of z?
1
Suppose 0 = 5*b + 5*a, -3*b = -a - 3*a + 14. Let j be (b/3)/((-1)/(-3)). Let x = 5 - j. What is the units digit of x?
7
Let g(v) = -2*v - 7. Let f be g(-5). Let m be ((2 - f)*0)/1. Suppose 20 = -m*x + 5*x. What is the units digit of x?
4
What is the tens digit of 1/2*(119 - 5)?
5
Let k(n) be the second derivative of -n**5/20 - 2*n**4/3 + 11*n**2/2 - n. Let t be k(-8). Suppose -2*j = -t - 9. What is the tens digit of j?
1
Suppose 0 = -3*y + 3*x - 28 - 14, -4*x + 36 = -2*y. Let z(j) = j**2 + 9*j - 3. What is the units digit of z(y)?
7
Let r be (-6)/9 + (-8)/(-3). Suppose 2 - 8 = -r*j. Suppose j = k + 2*k. What is the units digit of k?
1
Suppose 5*y + 2 = 3*y. Let s = y + 0. Let n = 5 - s. What is the units digit of n?
6
Let u be 39/6 - (-3)/2. Suppose -n - 2*a = -u, -22 = -5*n + 3*a - 4*a. What is the units digit of n?
4
What is the units digit of -1 + (-5)/(25/(-540))?
7
Let w = 16 + -8. Let u(r) = r**3 - 8*r**2 + 3*r - 11. What is the tens digit of u(w)?
1
Suppose 8 = 3*f + f. Let s(y) = -3*y + 0 - 3 + y**f - 5. What is the units digit of s(6)?
0
What is the tens digit of 2736/21 + 14/(-49)?
3
Suppose 0*p = o + 4*p - 45, -5*o + 5*p = -100. What is the tens digit of o?
2
What is the units digit of -20 + 18 + 1*87?
5
Let i(q) = -q**2 + 10*q - 10. Let b be -6*12/(-27)*3. Let l be i(b). What is the units digit of ((-26)/(-3))/(4/l)?
3
Suppose -2*u + 20 + 0 = 0. Let m = 8 - -8. Let n = m - u. What is the units digit of n?
6
Let y = 8 - 3. Suppose -2 = -3*c + y*c. What is the tens digit of 13 + (c - -3)/2?
1
Suppose -8*s = -378 - 494. What is the hundreds digit of s?
1
Let d(j) = -j**3 + j**2 + 4*j - 4. What is the units digit of d(-4)?
0
Let q be (-108)/30*(-30)/(-2). Let g = q - -99. What is the units digit of g?
5
Let o be 3 + (4 - (-2)/(-1)). Suppose 0 = -o*t + 4*x - 52 + 141, -x = 1. Suppose -2*n = -n - t. What is the units digit of n?
7
Suppose 4*b - 3*l - 2 = 3*b, -4*l = 0. Let q(m) = 2*m**3 - m**2 + m + 2. What is the tens digit of q(b)?
1
Let c be 10 + 4/(-2) - 2. What is the units digit of 26/39 + 122/c?
1
Let b(l) = -l**2 + 7*l. Let k be b(6). Suppose i - 36 = -k. What is the tens digit of i?
3
Suppose 16 = 5*u - u. Suppose u*f - 2*f = 10. Suppose 0 = -f*y + 41 - 6. What is the units digit of y?
7
Let v = -18 - -4. What is the tens digit of (-192)/v - (-2)/7?
1
Let b(t) = -t**2 + t - 1. Let x(o) = -5*o**2 + 2*o - 3. Let j(d) = -6*b(d) + x(d). Let y be j(4). Suppose r = 4*r - y. What is the units digit of r?
1
Let h(f) = -3*f**2 + 5. Let r(c) = 7*c**2 + c - 10. Let o(k) = -5*h(k) - 2*r(k). Let n = -2 - -6. What is the units digit of o(n)?
3
Suppose 3*z = -4*m + 85, -4*m - 13*z + 105 = -14*z. What is the tens digit of m?
2
Let a(o) = -2*o - 7. Let w be (-156)/27 + (-4)/18. What is the units digit of a(w)?
5
What is the hundreds digit of (-718)/(-6) - ((-24)/18 - -2)?
1
Let u(l) = 62*l - 4. What is the hundreds digit of u(2)?
1
Let c(d) = 2*d**3 - 22*d**2 + 27*d + 23. Let a(k) = k**3 - 11*k**2 + 13*k + 12. Let j(w) = 5*a(w) - 2*c(w). What is the units digit of j(10)?
4
Suppose -15 = -5*g - 5*d, -2*d - 22 = -3*g + g. What is the units digit of g?
7
Let n(k) = -k**2 + 10*k - 7. Let p = -8 - -10. Let c = p + 4. What is the tens digit of n(c)?
1
Suppose 214 = -4*f + 86. Let p = 19 + f. Let j = p + 22. What is the units digit of j?
9
Let k be (-2 + (-14)/(-2))*1. Suppose 3*v = -k*u + 4, 2*u = 7*u + 2*v - 6. What is the units digit of u?
2
Let s(w) = -w**3 - 5*w**2 - 6*w - 5. Let a be s(-4). What is the units digit of 1*2*a/3?
2
Suppose 0*o - 4*v - 106 = -o, -2*o = -v - 191. What is the units digit of o?
4
Suppose 0 = r + 3*r. Let p = r + 13. What is the tens digit of p?
1
Let i(j) = 17*j + 2. Let p(w) = w**2 - w - 1. Let q be p(-1). What is the units digit of i(q)?
9
Let b(v) = -v**3 - 5*v**2 - 3*v - 1. Let t be b(-3). What is the units digit of (6/5)/((-4)/t)?
3
Let g(b) = -6*b - 8. Let m(z) = -z - 1. Let k(s) = g(s) - 5*m(s). Let r be k(3). What is the units digit of (5 - 3)*(-9)/r?
3
Suppose 0 = 4*z - 3*z - 2. Let d be (-4)/z*-1 - -1. Let k = d + -2. What is the units digit of k?
1
What is the units digit of (-2)/1*2 - -78?
4
Suppose -v = -11 + 39. Let r(n) = -n + 1. Let l be r(2). What is the tens digit of 0/l - v/2?
1
Let f(x) be the first derivative of x**2/2 + 2*x + 3. Let y be f(-9). Let l = -4 - y. What is the units digit of l?
3
Let o = -367 + 573. What is the tens digit of o/6 - (-2)/(-6)?
3
Suppose 3*a - 2*p = 1050, -a - 2*p + 1386 = 3*a. What is the units digit of a?
8
Let b(m) = -m + 6. Let u be b(6). Let x = u - 0. Suppose 22 - 2 = c + 4*t, x = -3*c + 3*t. What is the units digit of c?
4
Suppose 4*r - 2*g = 530, 3*g - 7*g = -4*r + 528. What is the hundreds digit of r?
1
Let b be -2 + 1/1 + 1. Let d be (-1 + b)/(6/(-198)). Suppose -4*j + y = -d, 5*j + 3*y = -0*y + 37. What is the units digit of j?
8
Let u(k) = 31*k + 18. What is the units digit of u(2)?
0
Let a(u) = -4*u**2 - 18*u - 2*u**2 + 5*u**2 - 6. What is the units digit of a(-15)?
9
Let a = 10 - 25. Let u = -2 - a. What is the tens digit of u?
1
Let p(m) = -m - 3 + m + 2 + 4*m. Let g be p(-5). What is the units digit of (-246)/g + (-4)/(-14)?
2
Let p be 1*(-3 - -8) - -1. Suppose -p*i = -11*i + 80. What is the tens digit of i?
1
Suppose y - 115 = -4*i, 0*i + 3*i - 75 = -3*y. Suppose -3*v + 18 = -i. What is the tens digit of v?
1
Let i(v) = -10*v**2 - 1 - 3 - 4 - v**3 + 8*v + 1. What is the tens digit of i(-11)?
2
Suppose 0 = -7*y + 11*y - 44. Let i = 24 - y. What is the tens digit of i?
1
Let d(p) = p**2 + 8*p - 3. What is the hundreds digit of d(-16)?
1
Let b = -41 - -40. Suppose -r = -0*r - 9. Let d = r + b. What is the units digit of d?
8
Suppose 12 - 64 = -c. What is the units digit of c?
2
Let h(t) = t**2 - 3*t - 28. What is the tens digit of h(12)?
8
Let d(t) = -t. Let k be d(2). Let y = k + 5. What is the units digit of y?
3
Let x = 21 - 6. Suppose v + 5*k - 6 = -v, -5*v + x = -4*k. Suppose -f + 2 + 23 = v*c, 3*f + 5*c = 59. What is the units digit of f?
3
Suppose 4*t = 6*t - 250. What is the units digit of t?
5
Let m(f) = 2*f + 46. What is the tens digit of m(0)?
4
Let l(i) = -i**3 + 7*i**2 + i + 7. What is the units digit of l(7)?
4
What is the units digit of (2/10)/(2/10)?
1
Let k be -1 + (2 - 3) + -4. Let x be -2 + 2*(-15)/k. What is the units digit of (5/3)/(1/x)?
5
Let b(a) = -9*a**2 - 11*a - 11. Let w(s) = s**3 + s**2 - 1. Let z(k) = b(k) - w(k). What is the units digit of z(-9)?
8
Let x = 9 - 0. What is the units digit of x?
9
Suppose -4*s + 3*z + 15 = -7*s, s - 1 = -3*z. Let n be (-1)/(2*1/s). Suppose o = -n*o + 15. What is the units digit of o?
3
Let f = -6 - -5. Let a be ((-8)/(-16))/((-2)/(-44)). Let q = a + f. What is the units digit of q?
0
What is the units digit of (-30)/(-7)*(-3 - -52)?
0
Let k(g) be the third derivative of g**5/30 + g**4/6 + 2*g**3/3 + 2*g**2. Let t be k(-4). Suppose t = 4*f - 4. What is the units digit of f?
6
Let o(r) = -3*r + 7. What is the units digit of o(-5)?
2
Let j be (-2)/5 - 36/10. What is the units digit of j - -5 - (-11 + 0)?
2
Suppose -9*x + 27*x = 1836. What is the units digit of x?
2
Suppose 4*p - 10 = 2*p + 3*s, -2*s - 2 = p. Let f be (-4)/(-2) + (1 - -22). What is the units digit of (-5)/(f/p)*-5?
2
Let k(l) = -l**3 - 11*l**2 + 12*l + 20. What is the tens digit of k(-12)?
2
Suppose -2*u = -4*u. Suppose 0 = -l - 1 + 2. Suppose -a + u*a + l = 0. What is the units digit of a?
1
Let j be (1 - (-2 - -2)) + 1. Let w be 6 - 1*0/j. Suppose p - w = -0. What is the units digit of p?
6
Suppose -j + 27 = -3*p, -p - 2*j = -